 t(u) = -3*u**2 + 16*u - 16. Determine t(1).
-3
Let r(v) = -v**3 + 21*v**2 + 24*v - 77. Give r(22).
-33
Let u(m) = -m**3 + 44*m**2 - 43*m + 17. What is u(43)?
17
Let p(s) = 6*s**3 - 12*s**2 - 26*s + 47. Give p(6).
755
Let x(c) = 5*c**3 + 120*c**2 - 122*c + 3. Determine x(1).
6
Let m(v) = 5*v**2 - 28*v + 30. Calculate m(2).
-6
Let h(s) = -5*s**3 - 29*s**2 - 28*s - 25. Calculate h(-5).
15
Let j(x) = -2*x**3 - 5*x**2 + 16*x - 3. What is j(-5)?
42
Let m(k) = 12*k + 226. Give m(-14).
58
Let j(h) = 884*h + 20349. Give j(-23).
17
Let t(v) = -27*v - 227. Calculate t(0).
-227
Let u(g) = g**2 - 41*g - 130. Give u(43).
-44
Let x(i) = 52*i**2 - 102*i + 205. Give x(2).
209
Let a(g) = g**3 - 18*g**2 - 182*g + 2847. Calculate a(20).
7
Let o(v) = 49*v + 568. Determine o(-12).
-20
Let h(g) = 5*g**2 - 88*g + 317. Determine h(13).
18
Let f(v) = -393*v - 7861. What is f(-20)?
-1
Let h(k) = -k**3 + 66*k**2 - 244*k + 226. Determine h(62).
474
Let r(z) = 24*z - 162. Determine r(8).
30
Let a(l) = 3*l**3 - 97*l**2 + 473*l + 1. What is a(6)?
-5
Let q(z) = -18*z**2 - 11*z - 220. What is q(-6)?
-802
Let x(g) = 1353*g + 1357. Give x(-1).
4
Let c(t) = -255*t**2 + 18*t - 2. Give c(1).
-239
Let h(z) = z**2 - 120*z + 3536. Calculate h(50).
36
Let d(s) = s**2 - 1297*s + 132714. Determine d(112).
-6
Let q(i) = -i**3 - 15*i**2 + 102*i + 22. Calculate q(-20).
-18
Let m(w) = 6*w**2 + 37*w + 35. Determine m(-5).
0
Let k(l) = 2284*l - 18262. Determine k(8).
10
Let r(c) = -298*c + 3600. Determine r(11).
322
Let u(l) = -35367*l - 247562. What is u(-7)?
7
Let h(l) = 71*l**2 - 427*l - 27. Give h(6).
-33
Let z(r) = 4*r**2 + 117*r + 871. Calculate z(-10).
101
Let g(v) = -v**2 + 37*v + 64. What is g(52)?
-716
Let c(p) = 4*p**2 + 228*p + 1174. Give c(-5).
134
Let g(u) = 17*u - 106. Give g(3).
-55
Let f(k) = 2066*k - 82634. Calculate f(40).
6
Let q(y) = -192*y - 1132. Give q(-6).
20
Let m(d) = -d**3 - 9*d**2 - 39*d - 627. Give m(-11).
44
Let s(q) = -20*q - 543. What is s(-18)?
-183
Let m(z) = 158*z - 7433. Calculate m(47).
-7
Let j(v) = -58*v - 2045. What is j(-34)?
-73
Let o(z) = -2*z**3 - 95*z**2 - 867*z + 12. Give o(-12).
192
Let r(s) = s**3 + 18*s**2 - 42*s - 456. Give r(-19).
-19
Let b(x) = -2*x**2 + 90*x - 157. Determine b(2).
15
Let p(z) = -42*z + 1013. Give p(24).
5
Let y(s) = -s**2 - 11*s + 324. Give y(14).
-26
Let l(z) = -79*z - 606. Give l(-8).
26
Let q(h) = -4*h**2 - 89*h + 28. Calculate q(-15).
463
Let o(t) = -70*t**2 - 107*t + 69. Give o(-2).
3
Let o(g) = 3*g**3 + 27*g**2 - 57*g - 4. What is o(2)?
14
Let k(r) = r**3 - 36*r**2 - 74*r - 84. Determine k(38).
-8
Let f(c) = -c**2 + 71*c - 1054. Give f(21).
-4
Let i(y) = y**3 - 13*y**2 + 31*y - 10. What is i(8)?
-82
Let a(o) = o**2 + 2*o - 50. Calculate a(-5).
-35
Let k(w) = 22*w**2 - 15*w + 4. Calculate k(0).
4
Let y(j) = 1072*j + 5379. Give y(-5).
19
Let g(r) = -r**3 + 4*r**2 + r + 129. Calculate g(0).
129
Let o(g) = 4779*g + 4774. Give o(-1).
-5
Let w(l) = 4*l**2 - 55*l + 173. Determine w(9).
2
Let z(j) = 33*j + 678. Determine z(-21).
-15
Let g(p) = -3*p - 327. Determine g(-91).
-54
Let z(t) = -2*t + 116. Determine z(46).
24
Let m(n) = 2*n**3 - 108*n**2 - 163. Calculate m(54).
-163
Let t(l) = l**2 - 86*l + 568. Give t(6).
88
Let a(b) = -3*b**3 + 6*b**2 - 6*b - 8. What is a(2)?
-20
Let n(d) = 3*d**3 - 2*d**2 + 5*d + 11. Determine n(4).
191
Let x(k) = -393*k - 4329. Determine x(-11).
-6
Let k(f) = 173*f + 353. Determine k(-2).
7
Let m(n) = -4*n**2 + 56*n - 199. Give m(5).
-19
Let l(f) = -f**3 + 10*f**2 - 12*f + 37. What is l(11)?
-216
Let m(f) = 87*f**3 - f**2 - 92*f - 92. Give m(-1).
-88
Let a(x) = -x**2 + 11*x + 308. Give a(-13).
-4
Let p(z) = 12*z**2 - 11*z + 81. Give p(6).
447
Let h(l) = 18*l**2 + 232*l + 635. What is h(-9)?
5
Let n(d) = 2*d**3 + 7*d**2 - 27*d - 248. What is n(-6)?
-266
Let j(h) = h**3 + 22*h**2 + 19*h - 18. What is j(-21)?
24
Let b(f) = 552*f - 7716. Calculate b(14).
12
Let a(x) = -x + 65. Determine a(49).
16
Let f(q) = q**3 + 13*q**2 + 40*q + 202. Give f(-11).
4
Let s(a) = -a**3 + 5*a**2 - 266*a + 1042. Determine s(4).
-6
Let o(r) = -22*r - 199. Determine o(-18).
197
Let g(r) = -2*r**3 - 6*r**2 + 14*r + 40. What is g(-3)?
-2
Let t(a) = 39*a**2 - 319*a + 57. Calculate t(8).
1
Let c(l) = -l**3 - 3*l**2 + 37*l + 21. Calculate c(-8).
45
Let p(o) = -o**3 + 19*o**2 + 555*o + 181. Calculate p(35).
6
Let r(a) = 3*a**3 - 213*a**2 - 5*a + 349. Calculate r(71).
-6
Let x(z) = 38*z + 23. What is x(-1)?
-15
Let n(x) = -x**2 + 11*x + 68. Give n(13).
42
Let p(z) = z**3 + 25*z**2 + 31*z + 762. Determine p(-25).
-13
Let a(s) = -153*s - 899. Calculate a(-6).
19
Let b(w) = -w**3 - 4*w**2 + 210*w + 1196. Determine b(-6).
8
Let g(l) = -6*l**3 + 4*l**2 - 8*l. Give g(4).
-352
Let x(b) = 16*b - 152. Give x(27).
280
Let y(f) = -29*f + 128. What is y(9)?
-133
Let i(u) = -2*u**2 - 696*u - 6109. Determine i(-9).
-7
Let c(a) = -a - 6. Determine c(-4).
-2
Let z(s) = s**3 + 12*s**2 + 16*s + 39. Calculate z(-10).
79
Let f(r) = 3*r**2 - 17*r - 213. What is f(12)?
15
Let g(v) = v**3 + 26*v**2 - 31*v + 22. What is g(-27)?
130
Let o(w) = 210*w - 157. Determine o(1).
53
Let m(h) = -h**3 - 13*h**2 + 95*h + 74. Determine m(-18).
-16
Let r(k) = -k**3 + 154*k**2 + 2352*k + 4. Give r(-14).
4
Let i(b) = 247*b + 445. Determine i(-2).
-49
Let d(n) = -35*n**2 + 149*n - 288. Calculate d(2).
-130
Let h(s) = 8*s - 287. Determine h(13).
-183
Let u(f) = 2*f**2 - 70*f + 473. Give u(26).
5
Let n(l) = 47*l**2 + 2865*l - 123. What is n(-61)?
-1
Let r(m) = -m**3 + 6*m**2 - 18*m + 76. What is r(4)?
36
Let c(o) = -o**2 - 2*o + 498. Determine c(16).
210
Let m(z) = 2*z - 50. Calculate m(10).
-30
Let v(r) = -3*r**2 - 253*r - 1595. Give v(-7).
29
Let k(j) = 6*j + 89. Determine k(-9).
35
Let n(w) = 17*w**2 + 92*w - 13. Give n(-6).
47
Let r(p) = p**2 - 33*p + 299. What is r(11)?
57
Let g(b) = -6*b**3 + 8*b**2 - 4*b. Determine g(5).
-570
Let x(c) = -c**3 + 17*c**2 - 63*c - 82. Give x(11).
-49
Let o(f) = 4*f**3 + 70*f**2 + 199*f + 47. Give o(-14).
5
Let j(k) = -88*k + 526. Give j(6).
-2
Let h(d) = 2*d**2 + 125*d - 860. What is h(-69)?
37
Let k(b) = -b**3 + 2*b**2 + 25*b - 454. Determine k(0).
-454
Let g(k) = -2*k**3 + 51*k**2 + 24*k + 130. Determine g(26).
78
Let d(c) = 70*c + 4163. Give d(-60).
-37
Let z(v) = v**2 - 27*v + 57. Calculate z(24).
-15
Let i(a) = -96*a + 810. Calculate i(8).
42
Let c(i) = i**2 + 1858*i + 118275. Determine c(-66).
3
Let x(g) = g**3 - 13*g**2 + 42*g - 185. Give x(11).
35
Let h(z) = z**3 - 11*z**2 + 3*z - 88. Calculate h(11).
-55
Let w(n) = -3*n**3 - 44*n**2 + 90*n + 419. What is w(-16)?
3
Let k(c) = -18*c - 587. Determine k(-33).
7
Let x(d) = -d**3 - 42*d**2 + 42*d + 87. What is x(-43)?
130
Let g(s) = s**3 + 33*s**2 + 63*s - 804. What is g(-30)?
6
Let x(z) = -2*z**3 + 42*z**2 - 12*z + 250. Calculate x(21).
-2
Let t(d) = d**3 + 19*d**2 - 289*d + 36. Calculate t(-29).
7
Let t(u) = -443*u + 1220. Determine t(4).
-552
Let n(k) = 4*k + 137. Determine n(-36).
-7
Let b(r) = -65*r**2 + 43*r - 42. Give b(1).
-64
Let v(y) = -y**2 - 4*y + 144. What is v(23)?
-477
Let l(c) = 17152*c + 274427. Determine l(-16).
-5
Let v(p) = 2702*p - 10819. Give v(4).
-11
Let k(g) = g**3 - 10*g**2 + 17*g - 2. Give k(8).
6
Let k(j) = 25*j + 135. Give k(20).
635
Let u(t) = -t**2 + 213*t + 1291. Calculate u(-6).
-23
Let v(d) = -37*d**2 - 302*d - 14. Calculate v(-8).
34
Let b(p) = -7*p**2 - 78*p + 159. What is b(2)?
-25
Let c(v) = 2*v**3 - 5*v**2 + 2*v + 6. Give c(0).
6
Let d(h) = h**3 + 29*h**2 + 160*h + 17. Calculate d(-7).
-25
Let b(u) = -1182*u - 9443. Give b(-8).
13
Let z(r) = 3*r**3 - 325*r**2 - 219*r + 123. Determine z(109).
14
Let n(l) = 12*l**3 + 6*l**2 + 6*l + 8. Calculate n(-3).
-280
Let z(c) = 21*c - 731. Determine z(34).
-17
Let r(g) = -3*g**3 - 33*g**2 - 66*g - 21. What is r(-8)?
-69
Let l(b) = -5*b - 115. Give l(-30).
35
Let s(w) = 8*w**3 - 4*w**2 + 16*w - 37. Give s(2).
43
Let d(x) = x**3 - 44*x**2 - 245*x - 62. Calculate d(49).
-62
Let i(w) = -4*w**2 - 62*w - 338. Give i(-6).
-110
Let s(y) = -13*y - 194. Calculate s(-9).
-77
Let t(j) = -j**3 - 68*j**2 + 973*j - 3. Determine t(12).
153
Let u(p) = 9*p**2 + 6*p + 7. Calculate u(-1).
10
Let v(w) = -w**3 + 2*w**2 - 243*w + 1003. Calculate v(4).
-1
Let z(s) = s**3 - 33*s**2 - 200*s + 3313. Calculate z(36).
1
Let s(l